the units digit of h?
3
Let z = 15 + -23. Let v = 11 + z. What is the units digit of 14*(v/3)/1?
4
Let y(g) = -3*g - 5. Let b be y(-14). Suppose 3 + 0 = -l, l + b = 2*r. What is the tens digit of r?
1
Suppose -16 - 24 = -4*q. What is the units digit of q?
0
Let i = 7 + -4. Let f be (-1367)/i - (-6)/(-18). What is the units digit of f/(-28) - (-4)/(-14)?
6
Suppose p - 70 = -0*p. Suppose -p + 20 = 5*v. Let x(z) = z**3 + 9*z**2 - 12*z - 14. What is the units digit of x(v)?
6
Let c be (28/16)/((-1)/(-4)). Suppose c*z - 5*z - 7 = d, -4*d = 2*z - 32. What is the units digit of z?
6
Let m = 588 - 376. Suppose -3*h + m = 59. What is the tens digit of h?
5
Suppose 0*n = n + 2. Let g = n + 5. Suppose 3*s = -0 + g. What is the units digit of s?
1
Let q(g) = -g + 2. Let d be q(-2). Let t(j) = -j**3 + 6*j**2 + 4*j - 9. What is the tens digit of t(d)?
3
Let h(q) = q - 1. Let w(f) be the second derivative of -f**3/3 + 3*f**2/2 + 2*f. Let t(l) = 6*h(l) + w(l). What is the units digit of t(3)?
9
Let q(w) = 14*w + 16. What is the units digit of q(3)?
8
Let c = -29 + 11. Let t = c + 23. What is the units digit of t?
5
Let m(a) = a**2 + 4*a + 3. Let o be m(-4). Suppose 3 = o*b - 3*j - 12, -5*b - 3*j - 7 = 0. What is the units digit of b?
1
Let b be 3/(-1)*(-4)/(-6). Suppose -2*w - 3 = -1. What is the units digit of ((4*5)/b)/w?
0
Let d(v) = -v**3 - 7*v**2 + 7*v - 5. Let r be d(-8). Suppose -25 = -2*s + r*o, -3*s + 5*s = -2*o. What is the units digit of s?
5
Let f(o) = 25*o - 25 + 25. Let m be f(2). What is the units digit of m/6 - 2/(-3)?
9
Let y(x) = 3*x - 4. What is the units digit of y(13)?
5
Suppose 3*q - 14 = d, 0 = 3*q - 8*q - 2*d + 5. Suppose -3*p - 3*n = 2*p - 4, -2*n - 10 = -q*p. What is the units digit of p?
2
Let r = 4 - 1. Let b be 0/(2 - (r + -2)). Suppose 4*m + 5*t + 26 - 70 = 0, 5*m - 2*t - 55 = b. What is the units digit of m?
1
Let z(w) = w**2 - 10*w + 3. Let b be z(11). Suppose -10*x - 176 = -b*x. What is the tens digit of x?
4
Let d = 20 - 35. Let b = 0 - d. Suppose 0 = -f - 4*f + b. What is the units digit of f?
3
Let i(w) be the second derivative of -w**3/2 - 9*w**2/2 + 3*w. Let l be i(-6). Let k = l - -4. What is the units digit of k?
3
Let o = 6 - 6. Let h be (o - 2) + (-1 - -3). Suppose h*t = -3*t + 12. What is the units digit of t?
4
Suppose -93 = -9*w + 6*w. Suppose -2*f + 67 + w = 0. What is the units digit of f?
9
Let f be 5/((-50)/12)*-30. Let r = f + -23. What is the tens digit of r?
1
Suppose 4*y = 0, 5*y + 15 = 3*c + y. Suppose -5 = -c*g + 20. What is the units digit of g?
5
Let a(m) = 215*m**2 + 4*m - 3. What is the hundreds digit of a(1)?
2
Let l(m) = m**2 - 2*m - 3. Let t be l(3). Suppose t - 1 = 5*b + 2*o, 0 = 5*o + 15. What is the units digit of b?
1
Let a(m) = 8 - 5 + m**2 + 0 + 3*m. What is the units digit of a(-3)?
3
Let m be 7 - (3 + 6/(-3)). Suppose 2 - m = -2*r + 2*y, -2 = 2*y. What is the units digit of r?
1
What is the units digit of 1550/40 - (-1)/4?
9
Let q = 1 + 2. Let i = 23 + -20. Suppose q = i*k - 0. What is the units digit of k?
1
Let g = 59 + 8. Suppose 2*f - 3 - 15 = 4*u, 0 = 3*f + 4*u - g. What is the tens digit of f?
1
Let m(j) = j**2 - j - 1. Let a be 1/(-3) + 63/27. Let l be m(a). What is the units digit of (3 - l)/(-4)*-2?
1
Let w = -5 + 9. What is the units digit of w?
4
Let q = 5 + -1. Let p = 6 - q. What is the units digit of p?
2
Let w(m) = -2*m**3 - m**2 + m + 2. Let g be 4/14 - 36/(-21). Let o be 3/((-7)/g + 2). What is the tens digit of w(o)?
1
Let x = 212 + -117. What is the tens digit of x?
9
Let y(c) = -c - 8. Let i be y(-6). Let o be 1/(i + -2 + 5). Let q = 2 + o. What is the units digit of q?
3
Let j = 124 - 26. Suppose j = -2*u + 22. What is the units digit of (-6)/(-15) + u/(-5)?
8
Let j(g) = -1 - g + g - 2 + 4*g. What is the units digit of j(3)?
9
Suppose m = -2*h - 15, m + 2*h + 25 = -2*m. Let k = 6 + m. What is the units digit of k?
1
Suppose -2*l = -3 + 1. Suppose 3*i + 9 = 0, -2*i + 3 + l = 2*a. Suppose -2*q = 3*k + 3, -2*k = -3*k + a*q + 16. What is the units digit of k?
1
Suppose -9*f + 300 = -5*f. What is the tens digit of f?
7
Suppose 0 = 4*b + t - 185, -5*b = -0*t - 5*t - 225. What is the tens digit of b?
4
Let s(w) be the first derivative of w**4/8 - 3*w**3/2 + w**2/2 - 2. Let n(j) be the second derivative of s(j). What is the units digit of n(6)?
9
Suppose -2*l + 3*g = 2, -5*l + 5*g = -6*l + 12. Suppose l*t - 16 = -3*a + 7, -38 = -4*t + 2*a. What is the tens digit of t?
1
Suppose 4*a - 60 = 7*a. What is the units digit of (24/60)/((-1)/a)?
8
Let v(y) = 2*y + 6. Suppose 2*t + 3*n + 25 = -2*n, -2*t + 5*n + 5 = 0. Let d be v(t). What is the units digit of (14/d)/((-1)/2)?
7
Suppose -72 = 7*b - 8*b. What is the tens digit of b?
7
Suppose 0 = -2*g + 265 - 27. Suppose 0 = 3*a + q - g, 0 = a - q - 16 - 17. What is the units digit of a?
8
Let t = 130 - 92. What is the tens digit of t?
3
Let d = 4 + -1. Let c = 3 - d. Suppose c = 5*k - 5*o - 30 - 5, 46 = 4*k + 2*o. What is the tens digit of k?
1
Let z be (-2)/2 - (-6 - 15). Suppose 5*u - z = 3*u. What is the units digit of u?
0
Let r(c) = 12*c + 6. What is the tens digit of r(10)?
2
Let r = -5 + 4. What is the units digit of 1 + r*24/(-3)?
9
Let i(p) = -p**2 + 2*p + 2. Let c(x) = 3*x**2 - x. Let h be c(-1). Let b be i(h). What is the units digit of (-14)/(-4) - 3/b?
4
Suppose -2 = 2*y - 8. Suppose -5*h + 25 = y*q, -2*h = 2*h - q - 3. What is the tens digit of 12/15*25/h?
1
Let h be (-17)/3*9/3. Let k = h - -29. What is the units digit of ((-27)/k)/((-1)/4)?
9
Suppose 0 = -5*s + 2*q + 151, 0 = -5*s + 2*q - 6*q + 163. What is the units digit of s?
1
Suppose 3*h - 150 = -3*o + 7*h, -4*o = 2*h - 178. What is the units digit of o?
6
Let o = 18 - -1. Suppose -2*y + 5*j - o = y, -5 = -5*y + j. What is the units digit of y?
2
Let f = -52 - -207. What is the tens digit of f?
5
Suppose 4*f = -4*q + 260, 0 = 4*q - 2*f + 7*f - 265. What is the tens digit of q?
6
Suppose -3*k - 4 = -43. What is the tens digit of k?
1
Let v(y) = -2*y**3 + 2*y + 1. Let h = -1 - -2. Let r = h + -2. What is the units digit of v(r)?
1
Suppose 4*i - 2*y - 270 = 0, -3*y + 5 = -5*i + 340. What is the tens digit of i?
7
Suppose 0 = 4*b - 5 - 7. Suppose -5*g = -b*c + 17 + 11, c - 3*g = 8. What is the units digit of c?
1
Suppose 30 = 2*b + 6. What is the tens digit of b?
1
Let c be (0 + 3)/(1/(-2)). Let l(m) be the first derivative of m**4/4 + 5*m**3/3 - 7*m**2/2 - m - 10. What is the units digit of l(c)?
5
Let p(c) = -c + 5*c - 5 - 6*c. What is the units digit of p(-6)?
7
Let v(k) be the third derivative of k**7/5040 - k**6/720 + k**5/30 - k**2. Let w(t) be the third derivative of v(t). What is the units digit of w(5)?
4
Suppose 0 = 3*g + 2*g. Suppose 5*i - 11 - 4 = g. Suppose -12 = -w - i*w. What is the units digit of w?
3
Let i = -71 - -106. What is the tens digit of i?
3
Let f(n) = -2*n - 4. Let l be f(-4). What is the units digit of (1 + -9)*(l - 5)?
8
Let y(r) = -r**3 - 4*r**2 - 2 + 8*r**2 + 5*r + 0*r**3. What is the units digit of y(4)?
8
Let f be 2/3 + (-14)/(-6). Let r(b) = b**2 - 4*b + 4. Let n be r(4). Let a = n - f. What is the units digit of a?
1
Suppose 8 + 49 = 3*i. What is the units digit of i/4 + (-1)/(-4)?
5
Let l(d) = d**3 - 4*d**2 + d + 1. Let b be l(2). Let g(y) = y + 7. Let t be g(b). What is the tens digit of ((-84)/(-15))/(t/5)?
1
Let l(j) = 7*j - 2. What is the units digit of l(4)?
6
Suppose 5*k - 69 = 41. What is the units digit of k?
2
Let r = -6 + 4. Suppose 0 = -x - 0*x + 28. What is the units digit of r/5 - x/(-20)?
1
Suppose 2*j = 10, 5*r - 5*j = -j + 5. Suppose 0 = -3*w - 5*p - 4, 0*p = r*w + 2*p - 6. Suppose w*x = -s - 3*s, -5*s = 5*x - 10. What is the units digit of x?
4
Suppose -4*d + 100 = d - 5*v, -2*v = 2*d - 28. What is the units digit of d?
7
Let r be -2 - (-1)/((-1)/(-5)). Suppose -5*d = -r*l - 45, 3*l + 10 = l. Let c = d - 4. What is the units digit of c?
2
Let r be 3*(-4)/6 + -26. Let k be (-116)/14 + (-8)/r. What is the units digit of (-4)/k - (-2)/4?
1
Let m(i) = 4*i + 4. What is the tens digit of m(4)?
2
Let y = 91 - 26. What is the tens digit of y?
6
Suppose -6*g - 3*f = -g + 6, 0 = 2*g + 3*f - 3. What is the tens digit of 27 - (-3)/(g + 0)?
2
Let a = -34 + 57. What is the units digit of a?
3
Suppose a - 224 = -4*r + 5*a, a - 2